 common factor of 172 and 8?
4
Calculate the highest common divisor of 1767 and 95.
19
What is the greatest common divisor of 41 and 2337?
41
What is the greatest common factor of 60 and 100?
20
Calculate the greatest common divisor of 2967 and 138.
69
Calculate the greatest common divisor of 432 and 27.
27
Calculate the highest common factor of 12 and 1500.
12
Calculate the greatest common divisor of 231 and 168.
21
Calculate the greatest common factor of 18 and 558.
18
Calculate the highest common factor of 11 and 1441.
11
What is the greatest common factor of 1112 and 139?
139
What is the highest common divisor of 4725 and 42?
21
What is the greatest common divisor of 2504 and 32?
8
What is the highest common divisor of 790 and 316?
158
Calculate the highest common divisor of 1113 and 63.
21
Calculate the greatest common factor of 14 and 70.
14
What is the greatest common divisor of 185 and 40?
5
What is the greatest common divisor of 387 and 279?
9
What is the highest common divisor of 352 and 80?
16
What is the highest common factor of 20 and 155?
5
Calculate the highest common divisor of 366 and 12.
6
What is the greatest common divisor of 55 and 1089?
11
Calculate the highest common factor of 231 and 4191.
33
What is the highest common factor of 387 and 1215?
9
Calculate the highest common factor of 360 and 72.
72
What is the greatest common factor of 280 and 168?
56
What is the highest common divisor of 6 and 676?
2
What is the highest common factor of 195 and 117?
39
What is the highest common factor of 680 and 24?
8
What is the highest common divisor of 108 and 2178?
18
What is the greatest common factor of 48689 and 269?
269
What is the greatest common divisor of 98 and 8?
2
Calculate the greatest common factor of 62 and 35278.
62
What is the highest common divisor of 77 and 35?
7
What is the highest common divisor of 338 and 4?
2
What is the highest common divisor of 54 and 3600?
18
What is the highest common factor of 408 and 6?
6
What is the highest common factor of 4760 and 105?
35
What is the greatest common divisor of 246 and 12?
6
What is the highest common factor of 10 and 5?
5
What is the highest common divisor of 442 and 34?
34
What is the greatest common factor of 25 and 4325?
25
Calculate the highest common factor of 60826 and 34.
34
Calculate the highest common factor of 170 and 15.
5
What is the highest common factor of 136 and 102?
34
Calculate the greatest common factor of 688 and 656.
16
What is the highest common factor of 177 and 17287?
59
What is the greatest common factor of 7363 and 37?
37
Calculate the highest common divisor of 8284 and 76.
76
What is the greatest common factor of 11133 and 9?
9
What is the highest common divisor of 712 and 6497?
89
Calculate the highest common factor of 6310 and 20.
10
Calculate the highest common factor of 1083 and 114.
57
What is the highest common divisor of 22 and 550?
22
Calculate the greatest common divisor of 40 and 64.
8
What is the greatest common factor of 693 and 3663?
99
What is the greatest common divisor of 16 and 36?
4
What is the highest common divisor of 338 and 182?
26
Calculate the highest common factor of 27 and 108.
27
What is the greatest common factor of 16 and 1768?
8
What is the greatest common divisor of 96 and 684?
12
Calculate the highest common factor of 162 and 1773.
9
Calculate the highest common divisor of 324 and 3456.
108
Calculate the highest common divisor of 2037 and 42.
21
What is the highest common factor of 77 and 763?
7
Calculate the highest common factor of 272 and 32.
16
Calculate the highest common divisor of 1581 and 62.
31
Calculate the highest common factor of 1017 and 60.
3
Calculate the greatest common divisor of 6858 and 254.
254
What is the highest common divisor of 15611 and 134?
67
What is the highest common divisor of 4706 and 26?
26
Calculate the highest common divisor of 76 and 57.
19
What is the greatest common divisor of 33781 and 22?
11
What is the highest common factor of 480 and 210?
30
Calculate the highest common factor of 1500 and 12.
12
Calculate the highest common factor of 8445 and 15.
15
Calculate the greatest common divisor of 51 and 8313.
51
Calculate the highest common factor of 2567 and 34.
17
What is the highest common factor of 11655 and 630?
315
What is the greatest common divisor of 174 and 5858?
58
Calculate the greatest common factor of 8319 and 354.
177
Calculate the highest common factor of 8313 and 204.
51
Calculate the greatest common factor of 22 and 8635.
11
What is the highest common factor of 480 and 4440?
120
Calculate the highest common divisor of 459 and 162.
27
Calculate the greatest common factor of 55 and 44.
11
Calculate the highest common divisor of 3424 and 128.
32
Calculate the greatest common divisor of 1666 and 13566.
238
Calculate the greatest common divisor of 1980 and 561.
33
What is the greatest common divisor of 24 and 1688?
8
Calculate the greatest common factor of 31 and 496.
31
Calculate the greatest common divisor of 38 and 5.
1
Calculate the highest common divisor of 133 and 21.
7
What is the highest common factor of 459 and 135?
27
Calculate the greatest common divisor of 315 and 540.
45
What is the highest common factor of 216 and 1215?
27
What is the highest common divisor of 25175 and 159?
53
Calculate the greatest common factor of 20 and 31520.
20
What is the greatest common divisor of 215 and 86?
43
What is the greatest common divisor of 138 and 874?
46
What is the highest common divisor of 105 and 19425?
105
What is the greatest common divisor of 1161 and 43?
43
What is the greatest common divisor of 19 and 722?
19
Calculate the highest common divisor of 3034 and 1968.
82
Calculate the greatest common factor of 13272 and 474.
474
Calculate the greatest common divisor of 1272 and 1113.
159
What is the highest common divisor of 946 and 1806?
86
What is the greatest common divisor of 1083 and 1368?
57
Calculate the highest common factor of 93 and 1023.
93
Calculate the greatest common factor of 1 and 79.
1
What is the greatest common factor of 57 and 931?
19
What is the greatest common divisor of 340 and 100?
20
Calculate the greatest common divisor of 180 and 1140.
60
Calculate the greatest common divisor of 1755 and 65.
65
Calculate the greatest common factor of 126 and 1134.
126
Calculate the highest common divisor of 51 and 119.
17
Calculate the highest common factor of 157 and 11147.
157
Calculate the greatest common factor of 90 and 90.
90
Calculate the greatest common factor of 1152 and 360.
72
What is the highest common factor of 2 and 55?
1
What is the highest common divisor of 55 and 36355?
55
What is the highest common divisor of 141 and 3?
3
Calculate the greatest common factor of 20 and 25310.
10
Calculate the highest common factor of 875 and 840.
35
Calculate the highest common divisor of 112 and 728.
56
What is the greatest common factor of 30 and 180?
30
Calculate the greatest common factor of 6 and 464.
2
Calculate the greatest common divisor of 5662 and 114.
38
Calculate the greatest common factor of 924 and 112.
28
What is the highest common divisor of 312 and 24?
24
Calculate the highest common divisor of 261 and 441.
9
What is the highest common divisor of 26 and 1?
1
What is the highest common factor of 783 and 3828?
87
Calculate the greatest common factor of 68 and 476.
68
Calculate the highest common divisor of 17276 and 56.
28
Calculate the highest common divisor of 855 and 665.
95
What is the highest common factor of 29 and 116?
29
Calculate the greatest common divisor of 5 and 4825.
5
Calculate the greatest common factor of 26268 and 132.
132
What is the greatest common divisor of 14 and 10199?
7
Calculate the highest common divisor of 2085 and 15.
15
What is the greatest common divisor of 59 and 1?
1
Calculate the highest common divisor of 110 and 3350.
10
What is the highest common divisor of 1426 and 186?
62
What is the greatest common factor of 75 and 1025?
25
Calculate the highest common divisor of 71232 and 96.
96
What is the greatest common divisor of 635 and 889?
127
Calculate the highest common factor of 500 and 4700.
100
What is the highest common factor of 65 and 13?
13
Calculate the highest common factor of 234 and 102.
6
